[INFO] cloning repository https://github.com/subhojit777/questionnaire-rs
[INFO] running `Command { std: "git" "-c" "credential.helper=" "-c" "credential.helper=/workspace/cargo-home/bin/git-credential-null" "clone" "--bare" "https://github.com/subhojit777/questionnaire-rs" "/workspace/cache/git-repos/https%3A%2F%2Fgithub.com%2Fsubhojit777%2Fquestionnaire-rs", kill_on_drop: false }`
[INFO] [stderr] Cloning into bare repository '/workspace/cache/git-repos/https%3A%2F%2Fgithub.com%2Fsubhojit777%2Fquestionnaire-rs'...
[INFO] running `Command { std: "git" "rev-parse" "HEAD", kill_on_drop: false }`
[INFO] [stdout] 24d5514f9ad9dff3d6b88717f81160a7d23e601d
[INFO] checking subhojit777/questionnaire-rs against master#af3c6e733a40e671550e0f0f5aeecaa13772ba56 for pr-74989
[INFO] running `Command { std: "git" "clone" "/workspace/cache/git-repos/https%3A%2F%2Fgithub.com%2Fsubhojit777%2Fquestionnaire-rs" "/workspace/builds/worker-6/source", kill_on_drop: false }`
[INFO] [stderr] Cloning into '/workspace/builds/worker-6/source'...
[INFO] [stderr] done.
[INFO] validating manifest of git repo https://github.com/subhojit777/questionnaire-rs on toolchain af3c6e733a40e671550e0f0f5aeecaa13772ba56
[INFO] running `Command { std: "/workspace/cargo-home/bin/cargo" "+af3c6e733a40e671550e0f0f5aeecaa13772ba56" "read-manifest" "--manifest-path" "Cargo.toml", kill_on_drop: false }`
[INFO] started tweaking git repo https://github.com/subhojit777/questionnaire-rs
[INFO] finished tweaking git repo https://github.com/subhojit777/questionnaire-rs
[INFO] tweaked toml for git repo https://github.com/subhojit777/questionnaire-rs written to /workspace/builds/worker-6/source/Cargo.toml
[INFO] crate git repo https://github.com/subhojit777/questionnaire-rs already has a lockfile, it will not be regenerated
[INFO] running `Command { std: "/workspace/cargo-home/bin/cargo" "+af3c6e733a40e671550e0f0f5aeecaa13772ba56" "fetch" "--locked" "--manifest-path" "Cargo.toml", kill_on_drop: false }`
[INFO] running `Command { std: "docker" "create" "-v" "/var/lib/crater-agent-workspace/builds/worker-6/target:/opt/rustwide/target:rw,Z" "-v" "/var/lib/crater-agent-workspace/builds/worker-6/source:/opt/rustwide/workdir:ro,Z" "-v" "/var/lib/crater-agent-workspace/cargo-home:/opt/rustwide/cargo-home:ro,Z" "-v" "/var/lib/crater-agent-workspace/rustup-home:/opt/rustwide/rustup-home:ro,Z" "-e" "SOURCE_DIR=/opt/rustwide/workdir" "-e" "CARGO_TARGET_DIR=/opt/rustwide/target" "-e" "CARGO_HOME=/opt/rustwide/cargo-home" "-e" "RUSTUP_HOME=/opt/rustwide/rustup-home" "-w" "/opt/rustwide/workdir" "-m" "1610612736" "--user" "0:0" "--network" "none" "rustops/crates-build-env@sha256:d92eaeed33fa75130ca1ee6c8a01d1ffb62bac859dfdfb3450e3e5d1c0146529" "/opt/rustwide/cargo-home/bin/cargo" "+af3c6e733a40e671550e0f0f5aeecaa13772ba56" "metadata" "--no-deps" "--format-version=1", kill_on_drop: false }`
[INFO] [stdout] b56d23da5a5b52d9adcaaaf99cd76bf122a38667453b5665996c2eddd1a96dee
[INFO] [stderr] WARNING: Your kernel does not support swap limit capabilities or the cgroup is not mounted. Memory limited without swap.
[INFO] running `Command { std: "docker" "start" "-a" "b56d23da5a5b52d9adcaaaf99cd76bf122a38667453b5665996c2eddd1a96dee", kill_on_drop: false }`
[INFO] running `Command { std: "docker" "inspect" "b56d23da5a5b52d9adcaaaf99cd76bf122a38667453b5665996c2eddd1a96dee", kill_on_drop: false }`
[INFO] running `Command { std: "docker" "rm" "-f" "b56d23da5a5b52d9adcaaaf99cd76bf122a38667453b5665996c2eddd1a96dee", kill_on_drop: false }`
[INFO] [stdout] b56d23da5a5b52d9adcaaaf99cd76bf122a38667453b5665996c2eddd1a96dee
[INFO] running `Command { std: "docker" "create" "-v" "/var/lib/crater-agent-workspace/builds/worker-6/target:/opt/rustwide/target:rw,Z" "-v" "/var/lib/crater-agent-workspace/builds/worker-6/source:/opt/rustwide/workdir:ro,Z" "-v" "/var/lib/crater-agent-workspace/cargo-home:/opt/rustwide/cargo-home:ro,Z" "-v" "/var/lib/crater-agent-workspace/rustup-home:/opt/rustwide/rustup-home:ro,Z" "-e" "SOURCE_DIR=/opt/rustwide/workdir" "-e" "CARGO_TARGET_DIR=/opt/rustwide/target" "-e" "CARGO_INCREMENTAL=0" "-e" "RUST_BACKTRACE=full" "-e" "RUSTFLAGS=--cap-lints=forbid" "-e" "CARGO_HOME=/opt/rustwide/cargo-home" "-e" "RUSTUP_HOME=/opt/rustwide/rustup-home" "-w" "/opt/rustwide/workdir" "-m" "1610612736" "--user" "0:0" "--network" "none" "rustops/crates-build-env@sha256:d92eaeed33fa75130ca1ee6c8a01d1ffb62bac859dfdfb3450e3e5d1c0146529" "/opt/rustwide/cargo-home/bin/cargo" "+af3c6e733a40e671550e0f0f5aeecaa13772ba56" "check" "--frozen" "--all" "--all-targets" "--message-format=json", kill_on_drop: false }`
[INFO] [stdout] e1170a00ebba2b42bd627959f6007ce21f665044ba5574cfaf52b383d60dff4b
[INFO] [stderr] WARNING: Your kernel does not support swap limit capabilities or the cgroup is not mounted. Memory limited without swap.
[INFO] running `Command { std: "docker" "start" "-a" "e1170a00ebba2b42bd627959f6007ce21f665044ba5574cfaf52b383d60dff4b", kill_on_drop: false }`
[INFO] [stderr]    Compiling libc v0.2.66
[INFO] [stderr]     Checking cfg-if v0.1.10
[INFO] [stderr]    Compiling autocfg v0.1.7
[INFO] [stderr]     Checking lazy_static v1.4.0
[INFO] [stderr]    Compiling unicode-xid v0.2.0
[INFO] [stderr]    Compiling log v0.4.8
[INFO] [stderr]    Compiling cc v1.0.50
[INFO] [stderr]     Checking slab v0.4.2
[INFO] [stderr]    Compiling memchr v2.3.0
[INFO] [stderr]    Compiling semver-parser v0.7.0
[INFO] [stderr]     Checking fnv v1.0.6
[INFO] [stderr]     Checking smallvec v0.6.9
[INFO] [stderr]     Checking futures-core v0.3.4
[INFO] [stderr]     Checking futures-sink v0.3.4
[INFO] [stderr]    Compiling version_check v0.1.5
[INFO] [stderr]    Compiling pkg-config v0.3.14
[INFO] [stderr]    Compiling byteorder v1.3.1
[INFO] [stderr]     Checking matches v0.1.8
[INFO] [stderr]    Compiling proc-macro2 v0.4.27
[INFO] [stderr]    Compiling proc-macro-nested v0.1.3
[INFO] [stderr]    Compiling unicode-xid v0.1.0
[INFO] [stderr]    Compiling syn v0.15.30
[INFO] [stderr]     Checking futures-io v0.3.4
[INFO] [stderr]     Checking itoa v0.4.3
[INFO] [stderr]     Checking futures-task v0.3.4
[INFO] [stderr]     Checking pin-project-lite v0.1.4
[INFO] [stderr]    Compiling bitflags v1.2.1
[INFO] [stderr]     Checking pin-utils v0.1.0-alpha.4
[INFO] [stderr]     Checking rand_core v0.4.0
[INFO] [stderr]     Checking rustc-demangle v0.1.13
[INFO] [stderr]    Compiling serde v1.0.104
[INFO] [stderr]    Compiling failure_derive v0.1.5
[INFO] [stderr]     Checking scopeguard v1.0.0
[INFO] [stderr]    Compiling openssl v0.10.20
[INFO] [stderr]    Compiling getrandom v0.1.14
[INFO] [stderr]     Checking foreign-types-shared v0.1.1
[INFO] [stderr]    Compiling autocfg v1.0.0
[INFO] [stderr]     Checking ppv-lite86 v0.2.6
[INFO] [stderr]     Checking copyless v0.1.4
[INFO] [stderr]     Checking futures v0.1.26
[INFO] [stderr]     Checking either v1.5.3
[INFO] [stderr]    Compiling ryu v0.2.7
[INFO] [stderr]     Checking percent-encoding v2.1.0
[INFO] [stderr]    Compiling httparse v1.3.3
[INFO] [stderr]     Checking scopeguard v0.3.3
[INFO] [stderr]    Compiling crc32fast v1.2.0
[INFO] [stderr]     Checking dtoa v0.4.3
[INFO] [stderr]     Checking linked-hash-map v0.5.2
[INFO] [stderr]     Checking adler32 v1.0.4
[INFO] [stderr]    Compiling encoding_rs v0.8.17
[INFO] [stderr]     Checking stable_deref_trait v1.1.1
[INFO] [stderr]     Checking spin v0.5.2
[INFO] [stderr]     Checking untrusted v0.7.0
[INFO] [stderr]     Checking base64 v0.11.0
[INFO] [stderr]     Checking language-tags v0.2.2
[INFO] [stderr]     Checking sha1 v0.6.0
[INFO] [stderr]     Checking nodrop v0.1.13
[INFO] [stderr]     Checking percent-encoding v1.0.1
[INFO] [stderr]     Checking memoffset v0.2.1
[INFO] [stderr]    Compiling siphasher v0.2.3
[INFO] [stderr]    Compiling native-tls v0.2.2
[INFO] [stderr]     Checking try-lock v0.2.2
[INFO] [stderr]     Checking string v0.1.3
[INFO] [stderr]     Checking openssl-probe v0.1.2
[INFO] [stderr]     Checking termcolor v1.0.4
[INFO] [stderr]     Checking try_from v0.3.2
[INFO] [stderr]     Checking thread_local v1.0.1
[INFO] [stderr]     Checking crossbeam-utils v0.6.5
[INFO] [stderr]     Checking tokio-trace-core v0.1.0
[INFO] [stderr]     Checking bytestring v0.1.4
[INFO] [stderr]     Checking futures-channel v0.3.4
[INFO] [stderr]     Checking unicode-bidi v0.3.4
[INFO] [stderr]     Checking unicode-normalization v0.1.8
[INFO] [stderr]    Compiling semver v0.9.0
[INFO] [stderr]     Checking http v0.2.0
[INFO] [stderr]     Checking lock_api v0.3.3
[INFO] [stderr]    Compiling unicase v2.3.0
[INFO] [stderr]    Compiling unicase v1.4.2
[INFO] [stderr]     Checking rand_core v0.3.1
[INFO] [stderr]     Checking rand_jitter v0.1.3
[INFO] [stderr]     Checking foreign-types v0.3.2
[INFO] [stderr]     Checking humantime v1.2.0
[INFO] [stderr]    Compiling rand_chacha v0.1.1
[INFO] [stderr]    Compiling rand_pcg v0.1.2
[INFO] [stderr]    Compiling backtrace v0.3.15
[INFO] [stderr]    Compiling rand v0.6.5
[INFO] [stderr]    Compiling crossbeam-utils v0.7.0
[INFO] [stderr]     Checking owning_ref v0.4.0
[INFO] [stderr]     Checking miniz_oxide v0.3.6
[INFO] [stderr]    Compiling mysqlclient-sys v0.2.4
[INFO] [stderr]     Checking lru-cache v0.1.2
[INFO] [stderr]    Compiling proc-macro2 v1.0.8
[INFO] [stderr]     Checking c2-chacha v0.2.3
[INFO] [stderr]    Compiling indexmap v1.3.2
[INFO] [stderr]     Checking crossbeam-queue v0.1.2
[INFO] [stderr]     Checking rand_isaac v0.1.1
[INFO] [stderr]     Checking rand_xorshift v0.1.1
[INFO] [stderr]     Checking rand_hc v0.1.0
[INFO] [stderr]    Compiling rustc_version v0.2.3
[INFO] [stderr]     Checking arrayvec v0.4.10
[INFO] [stderr]     Checking lock_api v0.1.5
[INFO] [stderr]     Checking aho-corasick v0.7.8
[INFO] [stderr]     Checking fxhash v0.2.1
[INFO] [stderr]     Checking base64 v0.10.1
[INFO] [stderr]    Compiling rand_os v0.1.3
[INFO] [stderr]    Compiling quote v1.0.2
[INFO] [stderr]    Compiling backtrace-sys v0.1.28
[INFO] [stderr]    Compiling brotli-sys v0.3.2
[INFO] [stderr]    Compiling ring v0.16.11
[INFO] [stderr]    Compiling quote v0.6.12
[INFO] [stderr]     Checking tokio-executor v0.1.7
[INFO] [stderr]     Checking tokio-sync v0.1.4
[INFO] [stderr]     Checking want v0.0.6
[INFO] [stderr]     Checking idna v0.2.0
[INFO] [stderr]     Checking idna v0.1.5
[INFO] [stderr]    Compiling openssl-sys v0.9.43
[INFO] [stderr]    Compiling parking_lot_core v0.4.0
[INFO] [stderr]     Checking crossbeam-epoch v0.7.1
[INFO] [stderr]    Compiling phf_shared v0.7.24
[INFO] [stderr]     Checking iovec v0.1.4
[INFO] [stderr]     Checking net2 v0.2.33
[INFO] [stderr]     Checking num_cpus v1.12.0
[INFO] [stderr]     Checking signal-hook-registry v1.2.0
[INFO] [stderr]     Checking parking_lot_core v0.7.0
[INFO] [stderr]     Checking time v0.1.42
[INFO] [stderr]     Checking socket2 v0.3.11
[INFO] [stderr]     Checking hostname v0.1.5
[INFO] [stderr]     Checking flate2 v1.0.13
[INFO] [stderr]     Checking atty v0.2.11
[INFO] [stderr]     Checking mime v0.3.13
[INFO] [stderr]     Checking tokio-timer v0.2.10
[INFO] [stderr]     Checking tokio-current-thread v0.1.6
[INFO] [stderr]     Checking crossbeam-channel v0.4.0
[INFO] [stderr]    Compiling syn v1.0.14
[INFO] [stderr]     Checking regex v1.3.4
[INFO] [stderr]     Checking phf v0.7.24
[INFO] [stderr]     Checking bytes v0.4.12
[INFO] [stderr]     Checking url v2.1.1
[INFO] [stderr]     Checking threadpool v1.7.1
[INFO] [stderr]     Checking futures-cpupool v0.1.8
[INFO] [stderr]     Checking crossbeam-deque v0.7.1
[INFO] [stderr]     Checking resolv-conf v0.6.2
[INFO] [stderr]     Checking mio v0.6.21
[INFO] [stderr]     Checking rand_core v0.5.1
[INFO] [stderr]     Checking parking_lot v0.10.0
[INFO] [stderr]     Checking url v1.7.2
[INFO] [stderr]     Checking tokio-io v0.1.12
[INFO] [stderr]     Checking http v0.1.17
[INFO] [stderr]     Checking rand_chacha v0.2.1
[INFO] [stderr]     Checking rand v0.7.3
[INFO] [stderr]     Checking env_logger v0.6.1
[INFO] [stderr]     Checking error-chain v0.12.0
[INFO] [stderr]    Compiling phf_generator v0.7.24
[INFO] [stderr]     Checking cookie v0.11.0
[INFO] [stderr]    Compiling phf_codegen v0.7.24
[INFO] [stderr]     Checking publicsuffix v1.5.2
[INFO] [stderr]     Checking mio-uds v0.6.7
[INFO] [stderr]    Compiling mime_guess v2.0.0-alpha.6
[INFO] [stderr]     Checking tokio-threadpool v0.1.13
[INFO] [stderr]     Checking uuid v0.7.4
[INFO] [stderr]     Checking tokio v0.2.11
[INFO] [stderr]     Checking parking_lot v0.7.1
[INFO] [stderr]     Checking h2 v0.1.18
[INFO] [stderr]     Checking tokio-reactor v0.1.9
[INFO] [stderr]     Checking r2d2 v0.8.4
[INFO] [stderr]     Checking tokio-tcp v0.1.3
[INFO] [stderr]     Checking tokio v0.1.18
[INFO] [stderr]     Checking hyper v0.12.27
[INFO] [stderr]     Checking brotli2 v0.3.2
[INFO] [stderr]     Checking tokio-util v0.2.0
[INFO] [stderr]     Checking tokio-openssl v0.4.0
[INFO] [stderr]     Checking actix-codec v0.2.0
[INFO] [stderr]    Compiling synstructure v0.10.1
[INFO] [stderr]     Checking hyper-tls v0.3.2
[INFO] [stderr]    Compiling diesel_derives v1.4.0
[INFO] [stderr]    Compiling proc-macro-hack v0.5.11
[INFO] [stderr]    Compiling serde_derive v1.0.104
[INFO] [stderr]    Compiling derive_more v0.99.2
[INFO] [stderr]    Compiling pin-project-internal v0.4.8
[INFO] [stderr]    Compiling actix-macros v0.1.1
[INFO] [stderr]    Compiling async-trait v0.1.24
[INFO] [stderr]    Compiling enum-as-inner v0.3.0
[INFO] [stderr]    Compiling actix-web-codegen v0.2.0
[INFO] [stderr]    Compiling actix_derive v0.5.0
[INFO] [stderr]     Checking failure v0.1.5
[INFO] [stderr]     Checking dotenv v0.13.0
[INFO] [stderr]    Compiling futures-macro v0.3.4
[INFO] [stderr]     Checking pin-project v0.4.8
[INFO] [stderr]     Checking futures-util v0.3.4
[INFO] [stderr]     Checking actix-threadpool v0.3.1
[INFO] [stderr]     Checking futures-executor v0.3.4
[INFO] [stderr]     Checking actix-service v1.0.5
[INFO] [stderr]     Checking h2 v0.2.1
[INFO] [stderr]     Checking futures v0.3.4
[INFO] [stderr]     Checking actix-rt v1.0.0
[INFO] [stderr]     Checking trust-dns-proto v0.18.0-alpha.2
[INFO] [stderr]     Checking actix-utils v1.0.6
[INFO] [stderr]     Checking actix-tls v1.0.0
[INFO] [stderr]     Checking actix-server v1.0.1
[INFO] [stderr]     Checking actix-testing v1.0.0
[INFO] [stderr]     Checking trust-dns-resolver v0.18.0-alpha.2
[INFO] [stderr]     Checking actix-connect v1.0.2
[INFO] [stderr]     Checking serde_json v1.0.39
[INFO] [stderr]     Checking chrono v0.4.6
[INFO] [stderr]     Checking serde_urlencoded v0.6.1
[INFO] [stderr]     Checking actix-router v0.2.4
[INFO] [stderr]     Checking serde_urlencoded v0.5.4
[INFO] [stderr]     Checking diesel v1.4.2
[INFO] [stderr]     Checking actix-http v1.0.1
[INFO] [stderr]     Checking cookie_store v0.5.1
[INFO] [stderr]     Checking reqwest v0.9.14
[INFO] [stderr]     Checking awc v1.0.1
[INFO] [stderr]     Checking actix v0.9.0
[INFO] [stderr]     Checking actix-web v2.0.0
[INFO] [stderr]     Checking actix-broker v0.3.0
[INFO] [stderr]     Checking actix-web-actors v2.0.0
[INFO] [stderr]     Checking actix-session v0.3.0
[INFO] [stderr]     Checking actix-identity v0.2.1
[INFO] [stderr]     Checking actix-cors v0.2.0
[INFO] [stderr]     Checking questionnaire-rs v0.1.0 (/opt/rustwide/workdir)
[INFO] [stdout] error[E0425]: cannot find value `create_app` in crate `questionnaire_rs`
[INFO] [stdout]   --> tests/answers.rs:11:65
[INFO] [stdout]    |
[INFO] [stdout] 11 |     let mut server = TestServer::with_factory(questionnaire_rs::create_app);
[INFO] [stdout]    |                                                                 ^^^^^^^^^^ not found in `questionnaire_rs`
[INFO] [stdout] 
[INFO] [stdout] 
[INFO] [stdout] warning: unused import: `HttpMessage`
[INFO] [stdout]  --> tests/answers.rs:5:49
[INFO] [stdout]   |
[INFO] [stdout] 5 | use actix_web::{http::Method, test::TestServer, HttpMessage};
[INFO] [stdout]   |                                                 ^^^^^^^^^^^
[INFO] [stdout]   |
[INFO] [stdout]   = note: `#[warn(unused_imports)]` on by default
[INFO] [stdout] 
[INFO] [stdout] 
[INFO] [stdout] error[E0599]: no function or associated item named `with_factory` found for struct `TestServer` in the current scope
[INFO] [stdout]   --> tests/answers.rs:11:34
[INFO] [stdout]    |
[INFO] [stdout] 11 |     let mut server = TestServer::with_factory(questionnaire_rs::create_app);
[INFO] [stdout]    |                                  ^^^^^^^^^^^^ function or associated item not found in `TestServer`
[INFO] [stdout] 
[INFO] [stdout] 
[INFO] [stdout] error[E0560]: struct `AnswerInput` has no field named `title`
[INFO] [stdout]   --> tests/answers.rs:15:9
[INFO] [stdout]    |
[INFO] [stdout] 15 |         title: String::from("Some answer"),
[INFO] [stdout]    |         ^^^^^ `AnswerInput` does not have this field
[INFO] [stdout]    |
[INFO] [stdout]    = note: available fields are: `option_id`
[INFO] [stdout] 
[INFO] [stdout] 
[INFO] [stdout] error[E0560]: struct `AnswerInput` has no field named `user_id`
[INFO] [stdout]   --> tests/answers.rs:16:9
[INFO] [stdout]    |
[INFO] [stdout] 16 |         user_id: 1,
[INFO] [stdout]    |         ^^^^^^^ `AnswerInput` does not have this field
[INFO] [stdout]    |
[INFO] [stdout]    = note: available fields are: `option_id`
[INFO] [stdout] 
[INFO] [stdout] 
[INFO] [stdout] error[E0609]: no field `question_id` on type `Answer`
[INFO] [stdout]   --> tests/answers.rs:29:23
[INFO] [stdout]    |
[INFO] [stdout] 29 |     assert_eq!(answer.question_id, 10);
[INFO] [stdout]    |                       ^^^^^^^^^^^ unknown field
[INFO] [stdout]    |
[INFO] [stdout]    = note: available fields are: `id`, `user_id`, `created`, `option_id`
[INFO] [stdout] 
[INFO] [stdout] 
[INFO] [stdout] error[E0609]: no field `title` on type `Answer`
[INFO] [stdout]   --> tests/answers.rs:30:23
[INFO] [stdout]    |
[INFO] [stdout] 30 |     assert_eq!(answer.title, String::from("Some answer"));
[INFO] [stdout]    |                       ^^^^^ unknown field
[INFO] [stdout]    |
[INFO] [stdout]    = note: available fields are: `id`, `user_id`, `created`, `option_id`
[INFO] [stdout] 
[INFO] [stdout] 
[INFO] [stdout] error: aborting due to 6 previous errors; 1 warning emitted
[INFO] [stdout] 
[INFO] [stdout] 
[INFO] [stdout] Some errors have detailed explanations: E0425, E0560, E0599, E0609.
[INFO] [stdout] 
[INFO] [stdout] For more information about an error, try `rustc --explain E0425`.
[INFO] [stdout] 
[INFO] [stderr] error: could not compile `questionnaire-rs`.
[INFO] [stderr] 
[INFO] [stderr] To learn more, run the command again with --verbose.
[INFO] running `Command { std: "docker" "inspect" "e1170a00ebba2b42bd627959f6007ce21f665044ba5574cfaf52b383d60dff4b", kill_on_drop: false }`
[INFO] running `Command { std: "docker" "rm" "-f" "e1170a00ebba2b42bd627959f6007ce21f665044ba5574cfaf52b383d60dff4b", kill_on_drop: false }`
[INFO] [stdout] e1170a00ebba2b42bd627959f6007ce21f665044ba5574cfaf52b383d60dff4b
